et t be u(4). Suppose m + 2*h - 72 = t, 78 = 5*m - 4*m + 4*h. What is the tens digit of m?
6
Suppose 3*w - 5*x = 2233, -3*w - x = -1715 - 542. What is the tens digit of w?
5
Suppose -3*l + 5 = -1. Let j(k) = 2 + 0*k - k + k - k + k**l. What is the units digit of j(0)?
2
What is the units digit of (-217)/(-31)*(-2 + 3 + 93)?
8
Suppose 26*d + 6942 = 29*d. What is the thousands digit of d?
2
Suppose 0 = -4*v + 317 + 527. Let p = -4 + v. What is the tens digit of p?
0
Let r be (-1 + 1)/(22/(-11)). Suppose 3*c - 2*z - 40 = r, 5*c - z - 3*z = 68. What is the tens digit of 266/4 + (-6)/c?
6
Let n(b) be the third derivative of -11*b**4/4 - b**3 + 3*b**2. What is the hundreds digit of n(-3)?
1
Let n(v) = -9*v + 2 - 2 + 5*v. Let i = -3 + -4. What is the units digit of n(i)?
8
Let r(w) = -48*w + 9. Suppose 4*z + 2*u - 2 = -14, 0 = 5*z + 4*u + 15. What is the hundreds digit of r(z)?
1
Suppose -3*g = -6*g - 24. Let m(z) = z**3 + 9*z**2 + 3*z - 2. What is the tens digit of m(g)?
3
Suppose -v + 134 = 2*r, v - 120 = r + 8. What is the hundreds digit of v?
1
Let k = 19 + 41. Suppose -3*m = -3*l - 135, m = -4*l + 10 + k. What is the tens digit of m?
5
Suppose 5*w = 3*w + 10. Suppose w*f = -0*h + 2*h + 14, 3*f - 15 = -h. Let v = -3 + f. What is the units digit of v?
1
Suppose 2*h = 2*g, 2*g + 3*h - 13 = 2. Let p = g + 1. Suppose -4*o - p*r + 17 = -3, -2*r = 2. What is the units digit of o?
6
Suppose 2*u - 1815 - 647 = 0. What is the thousands digit of u?
1
Let w(n) = 2*n**2 + 36*n + 86. What is the tens digit of w(-25)?
3
Let j(l) = 2*l - 1 - 5*l - 2. Let r be j(-3). Let w = -4 + r. What is the units digit of w?
2
Suppose -16*b = -39*b + 11132. What is the tens digit of b?
8
Let m(f) = 5*f - 10. Let y be m(4). Let t be (-3 + -1)/(9 - y). Suppose t*h - d = 27, 4*h - 52 = 2*d - 6*d. What is the units digit of h?
8
Let c(h) = -9*h - 1. Let l be c(-1). Suppose 0 = 3*m - l*m + 605. What is the hundreds digit of m?
1
Let s(x) = 11*x - 14*x + 8*x - 25. What is the tens digit of s(16)?
5
Let g = 15 - 18. What is the tens digit of (96 - (0 - -3)) + (g - -2)?
9
Let y be -2*(-2)/(-8)*0. Let f be 2*15 - y - 3. Suppose 3*m = -9, 2*m + f + 17 = 2*z. What is the tens digit of z?
1
Let y(l) = l**2 - 5*l + 4. Let r be y(5). Suppose 0 = w - 0*w - 2, 0 = -r*p + w + 194. What is the tens digit of p?
4
Suppose 0 = -3*z - o + 632, -z - 3*o + 217 = 17. Suppose z = 30*y - 26*y. What is the tens digit of y?
5
Let h be 847/(-49) - (-4)/14. Let s = 16 + h. Let f = 9 + s. What is the units digit of f?
8
Let a(y) = 2*y + 97. What is the units digit of a(-8)?
1
Let b be 2 - (-6 + 3 - -3). Suppose -4 - b = -6*r. What is the units digit of ((-3)/(-9))/(r/75)?
5
Suppose -3*f + 832 = -y - 446, 0 = 5*f + 2*y - 2141. What is the tens digit of f?
2
Let b(r) = 5*r**2 - 10*r + 62. What is the hundreds digit of b(10)?
4
Suppose 2*m = -7*m. Suppose m + 41 = i. What is the tens digit of i?
4
Let t = -96 - -100. Suppose t*c = 5*h + 763, 773 = 4*c - 2*h - h. What is the tens digit of c?
9
Let w = -72 - -114. Suppose 5*g + 4*u + 0*u = 34, -2*u = 5*g - w. What is the tens digit of g?
1
Let t(v) = -v. Let m(h) = 27*h + 1. Let d(k) = m(k) - 2*t(k). Let i be d(6). Suppose 0 = 4*w + w - i. What is the units digit of w?
5
Suppose 5*s - 7*s = -232. Let m = s - 81. Suppose t = -4*w + m, 4*w = 8*w + 4*t - 20. What is the tens digit of w?
1
Let l = -11 + 14. Suppose -2*z - 16 = 2*g, -3*z = l*g - 8*g. What is the units digit of 22 - g/(-3) - -1?
2
Let c = -402 + 1469. What is the tens digit of c?
6
Let l(a) = 21*a - 123. What is the tens digit of l(9)?
6
Let z be 0/(-1) - (-1 - 0). Let v = 273 + -183. What is the units digit of 342/v - z/(-5)?
4
Let s = -122 + 348. What is the tens digit of s?
2
Let v(g) = -2*g - 1. Let t be v(-5). Suppose -16 = -t*o + 5*o. Suppose o*j = -j + 25. What is the units digit of j?
5
Suppose 3*d = 2*d - 2*q + 8, -2*q = -3*d. Suppose -d*c - c + 183 = 0. What is the units digit of c?
1
Suppose 4*t = v - 642, v + 3*t - 682 = -t. What is the units digit of v?
2
Let l be (0 - 1 - 437) + -1. Let f = -208 - l. What is the hundreds digit of f?
2
Let c be (63/12 - 2)/((-1)/(-4)). Let l = 6 + c. What is the tens digit of l?
1
Suppose -v + 51 = -z + 311, z = -3*v + 240. What is the units digit of z?
5
Let f = -394 - -841. What is the units digit of f?
7
Suppose 0*l + 3*l - 159 = 2*r, 2*r = -4*l + 226. Let c = 109 - l. What is the units digit of c?
4
Let i be -2*1 + 9/3. Let r(n) = -23*n**3 + 6*n**2 - 2*n + 1. Let a(d) = 22*d**3 - 7*d**2 + 2*d - 1. Let m(t) = -5*a(t) - 6*r(t). What is the tens digit of m(i)?
2
Let k = -11 + 26. Let u be 3/9 - (-10)/k. What is the tens digit of u - 1/((-3)/108)?
3
Let d be 3 + 2 - (6 - 3). Suppose h - 179 = -d*q, 2*h - 393 = 4*q - 51. What is the units digit of h?
5
Let g = -5 + 14. Let o(x) = -x**2 + 11*x - 13. Let v be o(g). Suppose -v*z = -13 - 22. What is the units digit of z?
7
Let g(u) = -4*u**2 + 4*u + 3154. What is the tens digit of g(0)?
5
Let z = -96 + 427. What is the tens digit of z?
3
Let d(c) = -c**2 + 7*c + 2. Let x(i) = 7*i**3 - 3*i + 2. Let z be x(1). What is the units digit of d(z)?
8
Let h(j) = 8*j + 631. What is the tens digit of h(0)?
3
What is the units digit of 4/(-2) + 1405 + -6?
7
Suppose 2875 = -235*n + 240*n. What is the tens digit of n?
7
Suppose 3*s - 37 = -19. Suppose 21*d - s*d = 1515. What is the units digit of d?
1
Suppose -4*v + 3*l = -8463, 6342 = 3*v + 7*l - 4*l. What is the hundreds digit of v?
1
Let y = 41 - 39. Suppose -y*c = -6*c + 116. What is the units digit of c?
9
Let i = -94 - -156. Let m = 120 - i. What is the units digit of m?
8
Let b(x) = 2*x**3 + x**2 - x + 2. Let i be b(-2). Let a be 4/i*(-4 + 2). Suppose -5*u - a = -6. What is the units digit of u?
1
Let j be 10 + 20/(-5) - 3. Suppose j + 17 = 4*s. What is the units digit of s?
5
Suppose 11*y + 1569 = 5793. What is the units digit of y?
4
Let h(j) be the third derivative of -1/120*j**6 + 11/60*j**5 + 0 + 0*j - 1/3*j**4 + 5/2*j**3 - j**2. What is the tens digit of h(10)?
3
What is the units digit of (-118)/(5*(-2)/80)?
4
Let f(d) = 119*d + 545. What is the tens digit of f(14)?
1
Suppose -5*x + 6*m = 2*m - 83, 4*m - 52 = -4*x. Suppose 0 = -6*f + 3*f - x. Let i(s) = s**2 + 5*s + 1. What is the units digit of i(f)?
1
Let k be (-5 + 12/6)/(1*-1). Suppose 0 = -v + 2*v - k. What is the units digit of v?
3
Suppose 0*y - 16 = -4*y + 3*x, -2*x = 0. Suppose -y*c - 5*t = -49, 8*c = 3*c - 4*t + 59. What is the units digit of c?
1
Suppose 2*i = 6*z - 5*z - 840, -5*z + 4187 = 3*i. What is the hundreds digit of z?
8
What is the tens digit of (2 - -499 - 1)*(11 - 9)?
0
Let y = 1281 - -596. What is the units digit of y?
7
Suppose -c - 4*k + 12 = -5*c, 3*k - 23 = -4*c. Let l be c/(-3) - 50/6. Let t(r) = r**3 + 9*r**2 - 3*r + 3. What is the tens digit of t(l)?
3
Suppose -2*g - 2*g + 612 = 0. Suppose g + 32 = 5*f. What is the units digit of f?
7
Suppose -3*o = 2*p - 265, 0 = -3*p - 4 + 1. Suppose 0 = -0*c + c - o. What is the units digit of c?
9
Let b be (-2)/6 + -2 + (-40)/15. Let r be 2*-1*(-6)/4. Let w = r - b. What is the units digit of w?
8
Let b = 68 - 70. What is the tens digit of (b + 3)/(5/710)?
4
Let v = 76 + -159. What is the units digit of (-1 - v)/(28/14)?
1
Let s(d) = 4*d**2 - d - 3. Let u be s(2). Let y = -82 + u. Let p = y - -145. What is the units digit of p?
4
Let q(l) be the first derivative of 37*l**4/4 - 2*l**3/3 + l**2 - l - 54. Suppose -3*x + 2 = -f - 1, -2*x = 4*f - 2. What is the tens digit of q(x)?
3
Suppose -3*q = -6 - 0. Suppose q*v - 3*h = 4*v + 3, 6 = -3*v - 5*h. Suppose 8*b - 5 = v*b. What is the units digit of b?
1
What is the units digit of (4/9)/((-56)/(-83412))?
2
Suppose 20 - 50 = 6*p. Let b(c) = -5*c + 6. What is the units digit of b(p)?
1
Suppose 0 = -4*v + p + 7203, v = -v + 3*p + 3589. What is the thousands digit of v?
1
Let w(n) = -n - 1. Let a(d) = 3*d. Let p be a(-1). Let b(i) = -i**2 + i + 4. Let q be b(p). What is the units digit of w(q)?
7
Let h be ((-332)/5)/(1/(-5)). Suppose 0 = 4*k + 2*w - h, -2*k - w + 162 = -2*w. What is the units digit of k?
2
Let r(w) = 16*w + 2. What is the tens digit of r(38)?
1
Let l(c) = c**3 - c**2 - c - 5. Let n = -7 - -7. Let m be l(n). Let k = m + 12. What is the units digit of k?
7
Let j(o) = 5*o**2 + 2*o. 